reatest common divisor of 80 and 48?
16
Calculate the highest common factor of 1722 and 84.
42
Calculate the greatest common divisor of 1534 and 26.
26
What is the greatest common divisor of 803 and 73?
73
Calculate the greatest common factor of 855 and 380.
95
What is the greatest common factor of 170 and 30?
10
Calculate the greatest common divisor of 520 and 120.
40
What is the greatest common factor of 931 and 49?
49
Calculate the highest common factor of 935 and 55.
55
What is the greatest common factor of 15 and 885?
15
What is the greatest common divisor of 10 and 80?
10
Calculate the highest common factor of 2666 and 1075.
43
Calculate the highest common factor of 26 and 3250.
26
What is the greatest common factor of 123 and 205?
41
What is the greatest common divisor of 45 and 54?
9
What is the highest common factor of 10 and 192?
2
Calculate the greatest common divisor of 649 and 176.
11
Calculate the highest common factor of 456 and 532.
76
What is the highest common factor of 87 and 145?
29
Calculate the greatest common factor of 1125 and 3.
3
Calculate the highest common divisor of 104 and 8.
8
What is the highest common divisor of 13 and 689?
13
Calculate the highest common factor of 130 and 590.
10
Calculate the greatest common divisor of 74 and 3293.
37
What is the greatest common factor of 9396 and 116?
116
Calculate the highest common divisor of 920 and 288.
8
What is the greatest common factor of 13360 and 80?
80
Calculate the greatest common divisor of 102 and 30.
6
What is the highest common factor of 57 and 95?
19
What is the greatest common divisor of 46 and 11063?
23
What is the highest common divisor of 312 and 96?
24
What is the greatest common factor of 99 and 5907?
33
Calculate the greatest common divisor of 1397 and 11.
11
Calculate the greatest common divisor of 44 and 8404.
44
Calculate the highest common factor of 12261 and 183.
183
Calculate the highest common factor of 204 and 24.
12
Calculate the highest common factor of 259 and 37.
37
What is the greatest common divisor of 44 and 913?
11
What is the highest common divisor of 6298 and 188?
94
Calculate the highest common factor of 54 and 297.
27
Calculate the highest common divisor of 6448 and 2704.
208
Calculate the greatest common divisor of 1258 and 370.
74
Calculate the greatest common factor of 680 and 5032.
136
What is the highest common factor of 64 and 152?
8
What is the highest common divisor of 144 and 48?
48
Calculate the greatest common divisor of 352 and 128.
32
What is the highest common factor of 4 and 1038?
2
What is the greatest common factor of 5476 and 4?
4
Calculate the greatest common factor of 220 and 1940.
20
What is the highest common factor of 2640 and 100?
20
What is the highest common factor of 4 and 108?
4
What is the highest common divisor of 64 and 136?
8
Calculate the greatest common divisor of 204 and 1173.
51
What is the highest common factor of 132 and 3348?
12
Calculate the highest common divisor of 399 and 84.
21
Calculate the greatest common factor of 30 and 730.
10
What is the greatest common factor of 8 and 384?
8
Calculate the greatest common factor of 103 and 927.
103
Calculate the greatest common divisor of 258 and 618.
6
What is the greatest common divisor of 60 and 15?
15
What is the greatest common divisor of 402 and 8308?
134
Calculate the highest common divisor of 1079 and 169.
13
Calculate the greatest common factor of 307 and 5.
1
Calculate the greatest common factor of 136 and 306.
34
What is the greatest common divisor of 234 and 52?
26
Calculate the greatest common divisor of 29177 and 716.
179
Calculate the highest common divisor of 765 and 18615.
255
Calculate the greatest common factor of 168 and 6.
6
Calculate the greatest common factor of 12 and 1416.
12
What is the greatest common factor of 42 and 1344?
42
Calculate the highest common factor of 3500 and 28.
28
Calculate the highest common divisor of 1744 and 64.
16
Calculate the highest common factor of 5565 and 35.
35
Calculate the highest common divisor of 348 and 12.
12
Calculate the greatest common divisor of 2086 and 14.
14
Calculate the highest common factor of 25245 and 99.
99
What is the greatest common factor of 30 and 6?
6
Calculate the greatest common divisor of 18 and 99.
9
Calculate the greatest common factor of 98 and 2086.
14
Calculate the highest common divisor of 91 and 455.
91
What is the greatest common divisor of 102 and 73338?
102
Calculate the greatest common divisor of 162 and 297.
27
Calculate the greatest common factor of 3732 and 84.
12
Calculate the highest common factor of 261 and 87.
87
Calculate the highest common divisor of 4576 and 64.
32
What is the greatest common divisor of 56 and 4752?
8
What is the greatest common divisor of 649 and 11?
11
Calculate the greatest common divisor of 400 and 4720.
80
What is the greatest common factor of 616 and 88?
88
What is the greatest common factor of 192 and 72?
24
Calculate the greatest common factor of 80 and 3380.
20
Calculate the highest common factor of 1045 and 22.
11
Calculate the highest common divisor of 26 and 34177.
13
What is the greatest common divisor of 15 and 3?
3
What is the greatest common factor of 1850 and 250?
50
What is the greatest common factor of 348 and 60?
12
What is the greatest common factor of 928 and 80?
16
What is the highest common factor of 540 and 1134?
54
What is the highest common divisor of 24 and 904?
8
What is the highest common factor of 234 and 286?
26
What is the highest common divisor of 868 and 124?
124
What is the highest common factor of 27 and 15201?
27
What is the highest common divisor of 336 and 70?
14
Calculate the greatest common factor of 52 and 52.
52
Calculate the greatest common factor of 22 and 814.
22
Calculate the highest common divisor of 850 and 646.
34
Calculate the greatest common factor of 19761 and 21.
21
Calculate the highest common factor of 638 and 58.
58
Calculate the highest common divisor of 186 and 3658.
62
What is the greatest common divisor of 10 and 425?
5
What is the highest common divisor of 47456 and 32?
32
What is the greatest common divisor of 147 and 19257?
147
Calculate the highest common divisor of 30368 and 8.
8
What is the greatest common divisor of 117 and 104?
13
What is the greatest common divisor of 98 and 2?
2
Calculate the highest common factor of 13 and 9.
1
Calculate the highest common divisor of 4897 and 166.
83
Calculate the highest common factor of 14539 and 651.
217
Calculate the highest common divisor of 135 and 765.
45
What is the greatest common divisor of 20 and 9540?
20
Calculate the greatest common divisor of 142 and 639.
71
Calculate the greatest common factor of 48 and 1248.
48
Calculate the greatest common divisor of 76 and 2147.
19
What is the greatest common factor of 9 and 297?
9
What is the highest common divisor of 3166 and 2?
2
Calculate the greatest common divisor of 50 and 775.
25
What is the greatest common divisor of 1375 and 200?
25
What is the highest common divisor of 7 and 364?
7
What is the highest common factor of 957 and 132?
33
What is the highest common factor of 23595 and 15?
15
Calculate the highest common divisor of 51 and 561.
51
Calculate the highest common divisor of 3335 and 145.
145
Calculate the highest common divisor of 3105 and 1215.
135
What is the greatest common factor of 156 and 741?
39
What is the highest common divisor of 14 and 49?
7
What is the highest common factor of 185 and 205?
5
Calculate the greatest common divisor of 304 and 532.
76
What is the highest common divisor of 90 and 8?
2
What is the greatest common divisor of 84 and 567?
21
What is the highest common divisor of 4 and 68?
4
Calculate the greatest common divisor of 645 and 10707.
129
Calculate the greatest common divisor of 24964 and 316.
316
Calculate the greatest common divisor of 44 and 143.
11
Calculate the greatest common factor of 12 and 1308.
12
Calculate the highest common factor of 30 and 2085.
15
Calculate the highest common factor of 8 and 20.
4
What is the highest common divisor of 21 and 363?
3
Calculate the highest common divisor of 13 and 38987.
13
Calculate the highest common divisor of 2457 and 91.
91
What is the highest common factor of 64 and 448?
6